{"id":214,"date":"2020-07-21T19:47:24","date_gmt":"2020-07-21T22:47:24","guid":{"rendered":"https:\/\/estudoibec.wordpress.com\/?page_id=214"},"modified":"2020-07-21T19:47:24","modified_gmt":"2020-07-21T22:47:24","slug":"congresso-de-2005","status":"publish","type":"page","link":"https:\/\/constitucionais.com.br\/?page_id=214","title":{"rendered":"CONGRESSO de 2005"},"content":{"rendered":"\n<figure class=\"wp-block-image size-large\"><img fetchpriority=\"high\" decoding=\"async\" width=\"2048\" height=\"1536\" src=\"http:\/\/constitucionais.com.br\/wp-content\/uploads\/2020\/07\/picture-ibec-05-013.jpg?w=1024\" alt=\"\" class=\"wp-image-222\" srcset=\"https:\/\/constitucionais.com.br\/wp-content\/uploads\/2020\/07\/picture-ibec-05-013.jpg 2048w, https:\/\/constitucionais.com.br\/wp-content\/uploads\/2020\/07\/picture-ibec-05-013-300x225.jpg 300w, https:\/\/constitucionais.com.br\/wp-content\/uploads\/2020\/07\/picture-ibec-05-013-1024x768.jpg 1024w, https:\/\/constitucionais.com.br\/wp-content\/uploads\/2020\/07\/picture-ibec-05-013-768x576.jpg 768w, https:\/\/constitucionais.com.br\/wp-content\/uploads\/2020\/07\/picture-ibec-05-013-1536x1152.jpg 1536w\" sizes=\"(max-width: 2048px) 100vw, 2048px\" \/><figcaption>Na foto: Professor C\u00e1ssio Scarpinela (de p\u00e9), nosso Diretor, o Prof. Rob\u00e9rio Nunes dos Anjos Filhos (ao centro) e o Professor Luiz Alberto David Ara\u00fajo.<\/figcaption><\/figure>\n\n\n\n<figure class=\"wp-block-image size-large\"><img decoding=\"async\" width=\"2048\" height=\"1536\" src=\"http:\/\/constitucionais.com.br\/wp-content\/uploads\/2020\/07\/picture-ibec-05-019.jpg?w=1024\" alt=\"\" class=\"wp-image-223\" srcset=\"https:\/\/constitucionais.com.br\/wp-content\/uploads\/2020\/07\/picture-ibec-05-019.jpg 2048w, https:\/\/constitucionais.com.br\/wp-content\/uploads\/2020\/07\/picture-ibec-05-019-300x225.jpg 300w, https:\/\/constitucionais.com.br\/wp-content\/uploads\/2020\/07\/picture-ibec-05-019-1024x768.jpg 1024w, https:\/\/constitucionais.com.br\/wp-content\/uploads\/2020\/07\/picture-ibec-05-019-768x576.jpg 768w, https:\/\/constitucionais.com.br\/wp-content\/uploads\/2020\/07\/picture-ibec-05-019-1536x1152.jpg 1536w\" sizes=\"(max-width: 2048px) 100vw, 2048px\" \/><figcaption>\u00a0Na foto: Professor Fernando Scaff, nosso diretor, o Professor Guilherme Amorim Campos Silva, Professor Ives Gandra da Silva Martins e Professor\u00a0 Lu\u00eds Eduardo Schoueri<\/figcaption><\/figure>\n","protected":false},"excerpt":{"rendered":"","protected":false},"author":1,"featured_media":0,"parent":0,"menu_order":0,"comment_status":"closed","ping_status":"closed","template":"","meta":{"footnotes":""},"class_list":["post-214","page","type-page","status-publish","hentry"],"_links":{"self":[{"href":"https:\/\/constitucionais.com.br\/index.php?rest_route=\/wp\/v2\/pages\/214","targetHints":{"allow":["GET"]}}],"collection":[{"href":"https:\/\/constitucionais.com.br\/index.php?rest_route=\/wp\/v2\/pages"}],"about":[{"href":"https:\/\/constitucionais.com.br\/index.php?rest_route=\/wp\/v2\/types\/page"}],"author":[{"embeddable":true,"href":"https:\/\/constitucionais.com.br\/index.php?rest_route=\/wp\/v2\/users\/1"}],"replies":[{"embeddable":true,"href":"https:\/\/constitucionais.com.br\/index.php?rest_route=%2Fwp%2Fv2%2Fcomments&post=214"}],"version-history":[{"count":0,"href":"https:\/\/constitucionais.com.br\/index.php?rest_route=\/wp\/v2\/pages\/214\/revisions"}],"wp:attachment":[{"href":"https:\/\/constitucionais.com.br\/index.php?rest_route=%2Fwp%2Fv2%2Fmedia&parent=214"}],"curies":[{"name":"wp","href":"https:\/\/api.w.org\/{rel}","templated":true}]}}

<figure class="wp-block-image size-large"><img fetchpriority="high" decoding="async" width="2048" height="1536" src="http://constitucionais.com.br/wp-content/uploads/2020/07/picture-ibec-05-013.jpg?w=1024" alt="" class="wp-image-222" srcset="https://constitucionais.com.br/wp-content/uploads/2020/07/picture-ibec-05-013.jpg 2048w, https://constitucionais.com.br/wp-content/uploads/2020/07/picture-ibec-05-013-300x225.jpg 300w, https://constitucionais.com.br/wp-content/uploads/2020/07/picture-ibec-05-013-1024x768.jpg 1024w, https://constitucionais.com.br/wp-content/uploads/2020/07/picture-ibec-05-013-768x576.jpg 768w, https://constitucionais.com.br/wp-content/uploads/2020/07/picture-ibec-05-013-1536x1152.jpg 1536w" sizes="(max-width: 2048px) 100vw, 2048px" /><figcaption>Na foto: Professor Cássio Scarpinela (de pé), nosso Diretor, o Prof. Robério Nunes dos Anjos Filhos (ao centro) e o Professor Luiz Alberto David Araújo.</figcaption></figure>



<figure class="wp-block-image size-large"><img decoding="async" width="2048" height="1536" src="http://constitucionais.com.br/wp-content/uploads/2020/07/picture-ibec-05-019.jpg?w=1024" alt="" class="wp-image-223" srcset="https://constitucionais.com.br/wp-content/uploads/2020/07/picture-ibec-05-019.jpg 2048w, https://constitucionais.com.br/wp-content/uploads/2020/07/picture-ibec-05-019-300x225.jpg 300w, https://constitucionais.com.br/wp-content/uploads/2020/07/picture-ibec-05-019-1024x768.jpg 1024w, https://constitucionais.com.br/wp-content/uploads/2020/07/picture-ibec-05-019-768x576.jpg 768w, https://constitucionais.com.br/wp-content/uploads/2020/07/picture-ibec-05-019-1536x1152.jpg 1536w" sizes="(max-width: 2048px) 100vw, 2048px" /><figcaption> Na foto: Professor Fernando Scaff, nosso diretor, o Professor Guilherme Amorim Campos Silva, Professor Ives Gandra da Silva Martins e Professor  Luís Eduardo Schoueri</figcaption></figure>
