{"id":184,"date":"2020-07-21T19:09:21","date_gmt":"2020-07-21T22:09:21","guid":{"rendered":"https:\/\/estudoibec.wordpress.com\/?page_id=184"},"modified":"2026-04-29T14:53:16","modified_gmt":"2026-04-29T17:53:16","slug":"notas-publicas-e-da-presidencia","status":"publish","type":"page","link":"https:\/\/constitucionais.com.br\/?page_id=184","title":{"rendered":"Notas p\u00fablicas e da presid\u00eancia"},"content":{"rendered":"\n<hr class=\"wp-block-separator has-css-opacity\"\/>\n\n\n\n<p>Sa\u0303o Paulo, 15 de abril de 2026.<\/p>\n\n\n\n<h3 class=\"wp-block-heading\">NOTA P\u00daBLICA<\/h3>\n\n\n\n<p>O IBEC \u2013 INSTITUTO BRASILEIRO DE ESTUDOS CONSTITUCIONAIS, reafirmando seu compromisso com a promo\u00e7\u00e3o e defesa dos valores constitucionais, considera alarmantes os acontecimentos recentes, com uso de Comiss\u00e3o Parlamentar de Inqu\u00e9rito do Congresso Nacional Brasileiro fora de seus limites constitucionais e desvinculada de suas finalidades espec\u00edficas, \u00fanicas que podem justificar sua pr\u00f3pria exist\u00eancia. E isso especialmente quando as a\u00e7\u00f5es acabam se direcionando ao enfraquecimento do STF, a afrontar o exerc\u00edcio da jurisdi\u00e7\u00e3o constitucional das liberdades e a atacar alguns de seus ministros.<\/p>\n\n\n\n<p><br><strong>ANDR\u00c9 RAMOS TAVARES<\/strong><br>Presidente<\/p>\n\n\n\n<p><strong>GUILHERME AMORIM CAMPOS DA SILVA<\/strong><br>Vice-Presidente<br><br><strong>INGO WOLFGANG SARLET<\/strong><br>Diretor<br><br><strong>MARTONIO MONT\u00b4ALVERNE BARRETO LIMA<\/strong><br>Diretor<\/p>\n\n\n\n<p><a href=\"https:\/\/constitucionais.com.br\/wp-content\/uploads\/2026\/04\/NP-IBEC2026-01.pdf\">https:\/\/constitucionais.com.br\/wp-content\/uploads\/2026\/04\/NP-IBEC2026-01.pdf<\/a><\/p>\n\n\n\n<p><\/p>\n\n\n\n<hr class=\"wp-block-separator has-alpha-channel-opacity\"\/>\n\n\n\n<p>Sa\u0303o Paulo, 28 de abril de 2026. <\/p>\n\n\n\n<p><strong>NOTA P\u00daBLICA DE APOIO <\/strong><\/p>\n\n\n\n<p>O IBEC \u2013 INSTITUTO BRASILEIRO DE ESTUDOS CONSTITUCIONAIS, reafirmando seu compromisso com os valores e a defesa da Constitui\u00e7\u00e3o, manifesta seu integral apoio \u00e0 indica\u00e7\u00e3o feita pelo Exmo. Sr. Presidente da Rep\u00fablica, do nome de Jorge Messias, \u00e0 vaga de Ministro do Supremo Tribunal Federal. <\/p>\n\n\n\n<p><br><strong>ANDR\u00c9 RAMOS TAVARES<\/strong><br>Presidente<\/p>\n\n\n\n<p><strong>GUILHERME AMORIM CAMPOS DA SILVA<\/strong><br>Vice-Presidente<br><br><strong>INGO WOLFGANG SARLET<\/strong><br>Diretor<br><br><strong>MARTONIO MONT\u00b4ALVERNE BARRETO LIMA<\/strong><br>Diretor<\/p>\n\n\n\n<p>http:\/\/constitucionais.com.br\/wp-content\/uploads\/2026\/04\/NP-DE-APOIO-IBEC2026.pdf<\/p>\n\n\n\n<p><\/p>\n","protected":false},"excerpt":{"rendered":"<p>Sa\u0303o Paulo, 15 de abril de 2026. NOTA P\u00daBLICA O IBEC \u2013 INSTITUTO BRASILEIRO DE ESTUDOS CONSTITUCIONAIS, reafirmando seu compromisso com a promo\u00e7\u00e3o e defesa dos valores constitucionais, considera alarmantes os acontecimentos recentes, com uso de Comiss\u00e3o Parlamentar de Inqu\u00e9rito do Congresso Nacional Brasileiro fora de seus limites constitucionais e desvinculada de suas finalidades espec\u00edficas, [&hellip;]<\/p>\n","protected":false},"author":1,"featured_media":0,"parent":0,"menu_order":0,"comment_status":"closed","ping_status":"closed","template":"","meta":{"footnotes":""},"class_list":["post-184","page","type-page","status-publish","hentry"],"_links":{"self":[{"href":"https:\/\/constitucionais.com.br\/index.php?rest_route=\/wp\/v2\/pages\/184","targetHints":{"allow":["GET"]}}],"collection":[{"href":"https:\/\/constitucionais.com.br\/index.php?rest_route=\/wp\/v2\/pages"}],"about":[{"href":"https:\/\/constitucionais.com.br\/index.php?rest_route=\/wp\/v2\/types\/page"}],"author":[{"embeddable":true,"href":"https:\/\/constitucionais.com.br\/index.php?rest_route=\/wp\/v2\/users\/1"}],"replies":[{"embeddable":true,"href":"https:\/\/constitucionais.com.br\/index.php?rest_route=%2Fwp%2Fv2%2Fcomments&post=184"}],"version-history":[{"count":13,"href":"https:\/\/constitucionais.com.br\/index.php?rest_route=\/wp\/v2\/pages\/184\/revisions"}],"predecessor-version":[{"id":794,"href":"https:\/\/constitucionais.com.br\/index.php?rest_route=\/wp\/v2\/pages\/184\/revisions\/794"}],"wp:attachment":[{"href":"https:\/\/constitucionais.com.br\/index.php?rest_route=%2Fwp%2Fv2%2Fmedia&parent=184"}],"curies":[{"name":"wp","href":"https:\/\/api.w.org\/{rel}","templated":true}]}}

Notas públicas e da presidência

<hr class="wp-block-separator has-css-opacity"/>



<p>São Paulo, 15 de abril de 2026.</p>



<h3 class="wp-block-heading">NOTA PÚBLICA</h3>



<p>O IBEC – INSTITUTO BRASILEIRO DE ESTUDOS CONSTITUCIONAIS, reafirmando seu compromisso com a promoção e defesa dos valores constitucionais, considera alarmantes os acontecimentos recentes, com uso de Comissão Parlamentar de Inquérito do Congresso Nacional Brasileiro fora de seus limites constitucionais e desvinculada de suas finalidades específicas, únicas que podem justificar sua própria existência. E isso especialmente quando as ações acabam se direcionando ao enfraquecimento do STF, a afrontar o exercício da jurisdição constitucional das liberdades e a atacar alguns de seus ministros.</p>



<p><br><strong>ANDRÉ RAMOS TAVARES</strong><br>Presidente</p>



<p><strong>GUILHERME AMORIM CAMPOS DA SILVA</strong><br>Vice-Presidente<br><br><strong>INGO WOLFGANG SARLET</strong><br>Diretor<br><br><strong>MARTONIO MONT´ALVERNE BARRETO LIMA</strong><br>Diretor</p>



<p><a href="https://constitucionais.com.br/wp-content/uploads/2026/04/NP-IBEC2026-01.pdf">https://constitucionais.com.br/wp-content/uploads/2026/04/NP-IBEC2026-01.pdf</a></p>



<p></p>



<hr class="wp-block-separator has-alpha-channel-opacity"/>



<p>São Paulo, 28 de abril de 2026. </p>



<p><strong>NOTA PÚBLICA DE APOIO </strong></p>



<p>O IBEC – INSTITUTO BRASILEIRO DE ESTUDOS CONSTITUCIONAIS, reafirmando seu compromisso com os valores e a defesa da Constituição, manifesta seu integral apoio à indicação feita pelo Exmo. Sr. Presidente da República, do nome de Jorge Messias, à vaga de Ministro do Supremo Tribunal Federal. </p>



<p><br><strong>ANDRÉ RAMOS TAVARES</strong><br>Presidente</p>



<p><strong>GUILHERME AMORIM CAMPOS DA SILVA</strong><br>Vice-Presidente<br><br><strong>INGO WOLFGANG SARLET</strong><br>Diretor<br><br><strong>MARTONIO MONT´ALVERNE BARRETO LIMA</strong><br>Diretor</p>



<p>http://constitucionais.com.br/wp-content/uploads/2026/04/NP-DE-APOIO-IBEC2026.pdf</p>



<p></p>

<p>São Paulo, 15 de abril de 2026. NOTA PÚBLICA O IBEC – INSTITUTO BRASILEIRO DE ESTUDOS CONSTITUCIONAIS, reafirmando seu compromisso com a promoção e defesa dos valores constitucionais, considera alarmantes os acontecimentos recentes, com uso de Comissão Parlamentar de Inquérito do Congresso Nacional Brasileiro fora de seus limites constitucionais e desvinculada de suas finalidades específicas, [&hellip;]</p>
