{"id":121,"date":"2020-06-30T17:27:06","date_gmt":"2020-06-30T20:27:06","guid":{"rendered":"https:\/\/estudoibec.wordpress.com\/?page_id=121"},"modified":"2020-06-30T17:27:06","modified_gmt":"2020-06-30T20:27:06","slug":"institucional","status":"publish","type":"page","link":"https:\/\/constitucionais.com.br\/?page_id=121","title":{"rendered":"Institucional"},"content":{"rendered":"\n<p class=\"has-text-align-justify\">O IBEC \u00e9 um instituto criado por professores de Direito Constitucional, h\u00e1 mais de 15 anos, (re)unidos em torno do ideal de defesa da Constitui\u00e7\u00e3o&nbsp;brasileira, bem como de sua difus\u00e3o e desenvolvimento cient\u00edfico de seu estudo e de sua aplica\u00e7\u00e3o. Os fundadores do IBEC t\u00eam consci\u00eancia do papel civilizat\u00f3rio desse Pacto, bem como de seu conte\u00fado emancipat\u00f3rio, superando teorias displicentes com a sua normatividade e com seu perfil espec\u00edfico, que se formou a partir de nossas demandas e necessidades enquanto um pa\u00eds de acentuada desigualdade social, com uma economia perif\u00e9rica em estruturas ainda arcaicas.<\/p>\n","protected":false},"excerpt":{"rendered":"<p>O IBEC \u00e9 um instituto criado por professores de Direito Constitucional, h\u00e1 mais de 15 anos, (re)unidos em torno do ideal de defesa da Constitui\u00e7\u00e3o&nbsp;brasileira, bem como de sua difus\u00e3o e desenvolvimento cient\u00edfico de seu estudo e de sua aplica\u00e7\u00e3o. Os fundadores do IBEC t\u00eam consci\u00eancia do papel civilizat\u00f3rio desse Pacto, bem como de seu [&hellip;]<\/p>\n","protected":false},"author":1,"featured_media":0,"parent":0,"menu_order":0,"comment_status":"closed","ping_status":"closed","template":"","meta":{"footnotes":""},"class_list":["post-121","page","type-page","status-publish","hentry"],"_links":{"self":[{"href":"https:\/\/constitucionais.com.br\/index.php?rest_route=\/wp\/v2\/pages\/121","targetHints":{"allow":["GET"]}}],"collection":[{"href":"https:\/\/constitucionais.com.br\/index.php?rest_route=\/wp\/v2\/pages"}],"about":[{"href":"https:\/\/constitucionais.com.br\/index.php?rest_route=\/wp\/v2\/types\/page"}],"author":[{"embeddable":true,"href":"https:\/\/constitucionais.com.br\/index.php?rest_route=\/wp\/v2\/users\/1"}],"replies":[{"embeddable":true,"href":"https:\/\/constitucionais.com.br\/index.php?rest_route=%2Fwp%2Fv2%2Fcomments&post=121"}],"version-history":[{"count":0,"href":"https:\/\/constitucionais.com.br\/index.php?rest_route=\/wp\/v2\/pages\/121\/revisions"}],"wp:attachment":[{"href":"https:\/\/constitucionais.com.br\/index.php?rest_route=%2Fwp%2Fv2%2Fmedia&parent=121"}],"curies":[{"name":"wp","href":"https:\/\/api.w.org\/{rel}","templated":true}]}}

<p class="has-text-align-justify">O IBEC é um instituto criado por professores de Direito Constitucional, há mais de 15 anos, (re)unidos em torno do ideal de defesa da Constituição&nbsp;brasileira, bem como de sua difusão e desenvolvimento científico de seu estudo e de sua aplicação. Os fundadores do IBEC têm consciência do papel civilizatório desse Pacto, bem como de seu conteúdo emancipatório, superando teorias displicentes com a sua normatividade e com seu perfil específico, que se formou a partir de nossas demandas e necessidades enquanto um país de acentuada desigualdade social, com uma economia periférica em estruturas ainda arcaicas.</p>

<p>O IBEC é um instituto criado por professores de Direito Constitucional, há mais de 15 anos, (re)unidos em torno do ideal de defesa da Constituição&nbsp;brasileira, bem como de sua difusão e desenvolvimento científico de seu estudo e de sua aplicação. Os fundadores do IBEC têm consciência do papel civilizatório desse Pacto, bem como de seu [&hellip;]</p>
